 = 3*v - 3. Let q(h) = p*d(h) + 5*t(h). What is q(5)?
-21
Let d(g) = 6*g + 20*g + 6*g + 11*g**2 - 23. Let v(k) = 5*k**2 + 15*k - 11. Let b(c) = -6*d(c) + 13*v(c). What is b(4)?
-9
Let n(c) be the second derivative of c**6/360 - c**5/60 + c**4/6 - 8*c**3/3 + c**2 + 46*c. Let g(b) be the second derivative of n(b). What is g(4)?
12
Suppose -47*u + 45*u = -8. Suppose u*s = 74 - 86. Let d(x) = -x**2 + x - 1. What is d(s)?
-13
Suppose -5*q = 4*z - 148, -4*z + 2*q = -3*z - 50. Let u be z + (2 - 5)/3. Let i(c) = -5 - c**2 + u*c - 38*c + 2*c**2 - 1. Give i(-6).
12
Let x(q) = q**2 + q + 3. Let b be x(-2). Let g be (-5)/(b*2/(-4)). Let h(t) = -13 - 6*t + 8 - 4*t**g + 3*t**2. Determine h(-5).
0
Let v(t) be the second derivative of -t**4/12 + 5*t**3/3 - 21*t**2/2 + 735*t. What is v(8)?
-5
Suppose -4*a + 4*j = -388, 2*a + 17 = 3*j + 216. Suppose 0 = a*p - 87*p - 10. Let o(d) = 3*d + 3 - 2*d**2 - 2 - 3. Calculate o(p).
-4
Let v(n) be the first derivative of -n**4/4 - 7*n**3/3 - 7*n**2/2 - 4*n + 297. Let j = -12 - -17. Suppose 0 = -0*w + j*w + 30. What is v(w)?
2
Let j(g) be the third derivative of g**6/120 - g**5/30 - g**3/2 + 3*g**2. Let u(y) = y**2 - 2. Let p(m) = j(m) - 4*u(m). Determine p(5).
-20
Let n(l) = l + 4. Let j be 117/(-3)*-3 + 5. Suppose q + 3*r = -j, r - 61 = q + 69. Let d = -135 - q. Calculate n(d).
-3
Let h(d) = 6*d**2 + d. Let v(w) = 2*w**2 + 63*w + 117. Let p be v(-2). Give h(p).
5
Let x(i) be the first derivative of -i**3/3 + 19*i**2/2 - 40*i + 21736. Let p be (34/(-3))/((-2)/3). Determine x(p).
-6
Let n be -2*(-81)/(-18) - -13. Suppose 0 = n*m - 5*o - 15, -5*m + 3*o = -19 - 3. Let s(u) = u**2 - 5*u + 5. Calculate s(m).
5
Let a(i) be the third derivative of i**5/30 + 13*i**4/24 - i**3/6 + 250*i**2. Let k be 8*2/56 + (-102)/14. Determine a(k).
6
Suppose 9*c = 8*c + 2*t - 11, 3*t - 9 = -c. Let v be -3 - -1 - -2 - -51. Let j(z) = -3*z + 1. Let k(r) = 25*r - 9. Let o(n) = v*j(n) + 6*k(n). What is o(c)?
6
Let f(o) = 2*o**2 - 32*o + 106. Let m be f(11). Let q(k) = -2*k**3 - 9*k**2 - 4*k - 5. Give q(m).
-5
Let g(j) be the third derivative of 11/6*j**3 + 0 + 1/4*j**4 - 2*j - 46*j**2. Calculate g(-5).
-19
Let v = -978 - -976. Let f(s) = s**3 + 3*s**2 - s - 3. Give f(v).
3
Let b be (21 - 19) + 3*2. Let c be b - (4 + -2) - 0/(-6). Let h(z) = -z**3 + 5*z**2 + 4*z - 9. Determine h(c).
-21
Let p(d) = 2*d**3 - 8*d**2 + 4*d + 8. Suppose 2*s = -4*y + 20, -3*s + 21 = 3*y - 0. Give p(s).
24
Let u(t) = -t**2 + 6*t + 3. Suppose -d - 5 + 21 = 0. Suppose -3 = d*x - 17*x. Suppose r = -2*r - 3, 0 = -l - x*r + 4. Determine u(l).
-4
Let b(p) = -41*p - 119. Let u be b(-11). Let k = -337 + u. Let x(z) = -z**2 - 11*z - 1. Calculate x(k).
29
Let i be 42490/(-10319) - -2*(-2)/(-34). Let f(l) = 3*l**2 + 7*l + 16. Calculate f(i).
36
Let z(i) be the second derivative of 7*i**4/12 - 49*i**3/2 + 3*i**2 - 4*i - 95. Calculate z(21).
6
Let n(b) = 20*b + 183. Let z be n(-9). Let p be 6/(-9) - 4/(-6). Suppose -q + 12 = -2*c - 0*q, z*c - q + 19 = p. Let h(r) = r**2 + 6*r - 8. What is h(c)?
-1
Let d = 17 - -43. Let w = 141 - d. Let o(q) = -10*q + 9 - 162*q**2 + 82*q**2 + w*q**2. Calculate o(6).
-15
Let x(r) be the third derivative of r**6/360 - r**5/15 - r**4/24 + r**3/6 - 11*r**2 - 2*r. Let j(s) be the first derivative of x(s). Calculate j(6).
-13
Let p(f) = -3 + 4 + f**2 - 3622156*f + 3622160*f. Let d(c) = c. Let r be d(-4). Calculate p(r).
1
Let t(i) be the second derivative of -4*i**3/3 + 81*i**2/2 - 1002*i. Determine t(11).
-7
Let n(b) = -b**2 + 13*b + 3. Let x be n(13). Let m be 6/3 + 0 - x. Let d(s) = -5 + 13*s**2 + s + 6 - 19*s**2. What is d(m)?
-6
Suppose -8*o + 2 = -6*o. Let k be (9 + -11)*(-2 + o). Let q(z) = -6*z + 2*z**2 + 2 + 3*z**2 + 11*z - 3*z**k. Give q(-3).
5
Let i(c) = -8*c - 4. Let x = -20039 + 20046. Give i(x).
-60
Let c(z) = 8*z**2 + 5*z - 4. Let p be 19/6 - ((-650)/(-156) - 4). Calculate c(p).
83
Let j be (-8 + 312/32)*(-4)/(-84). Let a(l) be the third derivative of 0*l + 0 + 2/3*l**3 + j*l**4 + 1/120*l**6 + 1/60*l**5 + 25*l**2. Give a(-3).
-20
Let z(w) = -w - 1. Suppose 22*q = 15*q. Suppose 3*h - 5*m - 9 = q, -3 = -h + 18*m - 23*m. Determine z(h).
-4
Let z(b) = -11*b - 15. Let l = -8471 + 8469. Determine z(l).
7
Let g(h) be the second derivative of 3*h**3/2 - 19*h. Let o(m) = -m**3 + 15*m**2 - m + 16. Let j be o(15). Suppose 0 = -6*t + 7 - j. What is g(t)?
9
Let y(o) = -34*o + 1642 + 1678 - 3292. Let s(d) = -17*d + 13. Let m(p) = 13*s(p) - 6*y(p). What is m(-1)?
18
Let m(d) = d**2 - 101*d - 875. Let i be m(-8). Let o(h) = -h**2. Let f(l) = -4*l**2 - 4*l - 1. Let t(k) = f(k) - 3*o(k). What is t(i)?
2
Let d(k) = -k**3 - 14*k**2 - 2. Let l be d(-14). Let p be -2*(18/(-4) - l). Let w(n) = 5 + 2*n**2 - 8*n + 4 - 1 - 5. Determine w(p).
13
Let q(c) be the first derivative of 5*c**2/2 + 63*c + 2353. Calculate q(-12).
3
Let y(b) = 3*b - 2. Suppose 5*g + 96 = 76. Let h be ((-8)/g)/2 + -2*1. Determine y(h).
-5
Let n(p) = 0*p - 1 - 5*p + 0. Let g(c) = 13*c**2 + 209*c + 15. Let m be g(-16). Determine n(m).
4
Let y(w) = -4*w + 4*w + 14*w**3. Let p = -6425 + 6424. Calculate y(p).
-14
Let l(h) = -2*h**2 - 12*h - 7. Suppose -o - 25*f + 27*f + 7 = 0, 4*o = 3*f + 3. Let p be l(o). Let y(a) = a**3 - 10*a**2 - 10*a - 12. What is y(p)?
-1
Let s be (0 + 0)*(1 - 0). Let a(y) = -71*y + 207*y - 57*y - 78*y + 24. What is a(s)?
24
Let p(c) = -11*c**2 - 14*c + 7. Let g(k) = -24*k**2 - 28*k + 14. Let u(o) = 6*g(o) - 13*p(o). Calculate u(12).
17
Let j(q) = -9*q + 210. Let n = 18007 - 17985. What is j(n)?
12
Let m(w) be the second derivative of 3*w - 1/20*w**5 - 7/12*w**4 + 0*w**3 - 9 - 2*w**2. What is m(-7)?
-4
Let o(g) = -30*g + 1884. Let x be o(63). Let a(w) = 4 - 6 - 1 - 5 - 7*w. Determine a(x).
34
Suppose -39 = 53*t + 14. Let h(w) = -15*w + 1. Give h(t).
16
Let w(l) be the first derivative of -l**4/4 - 2*l**3 + 3*l**2 + 40*l - 11216. Calculate w(-6).
4
Let w(y) = 2*y**3 + 5*y**2 - y + 1. Let c(l) = 5*l**3 + 18*l**2 - 4*l + 7. Let v(r) = c(r) - 3*w(r). Let d be (1 - 1)*-1 - -2. Give v(d).
6
Let t(w) = -14*w - 5. Let o(y) = 21*y + 7. Let j(z) = 5*o(z) + 7*t(z). Let b(n) = 4*n. Let m(h) = 11*b(h) - 6*j(h). Let i = -15 - -18. Determine m(i).
6
Suppose -7 = -8*i + 73. Suppose -26*n - i = -28*n. Let o(b) = -2*b + 7. Calculate o(n).
-3
Let y(f) = 6*f**2 - 42*f + 4. Let n be y(7). Suppose -2*h - n*t = 28, -5*h + 5*t - 28 = 102. Let x(a) = -a**3 - 21*a**2 + 22*a + 5. Determine x(h).
5
Let y(v) = -v**2 + 4*v + 7. Suppose 0*b + 2*b + 2*r = -176, -b - 3*r - 80 = 0. Let l = -80 - b. Suppose l = 14*u - 12*u. What is y(u)?
-5
Suppose 3*x = i - x + 30, -i + 3*x - 26 = 0. Let p be (-36)/(-21) + (-4)/i + 0. Let y(h) = 1 + 4*h - h - h - h**p - h. Determine y(-1).
-1
Suppose -2*d + 31 = 11. Suppose v = 5*v - 3*b + d, -5*v = -3*b + 11. Let f(c) = 6711 - 6710 + 8*c**3 + 13*c**3 + 0*c + 0*c. What is f(v)?
-20
Let y(k) be the second derivative of -3*k**5/20 + 5*k**3/6 + 2*k**2 + 340*k + 1. Determine y(-2).
18
Let g be (2/4)/((-4)/8). Suppose 574 = 4*h - 3*d, 155 = -5*h + 2*d + 876. Let o(b) = -2*b + 144*b**2 - h*b**2 + b. Give o(g).
0
Let z(v) = 3*v**2 - 12*v + 7. Let h(s) = 2569 - 6*s**2 - 2584 - 4*s + 30*s. Let i(q) = -6*h(q) - 13*z(q). What is i(-1)?
-4
Suppose -4*c + 80 = 2*l + 34, -4*l = -5*c + 25. Let u(p) = 2*p**2 - 18*p + 21. Determine u(c).
21
Let u(r) be the second derivative of 1/2*r**3 + 1/12*r**4 - 3/2*r**2 + 0 + 4*r. Let z be -3*(-1*(-1)/(-1))/(-1). Calculate u(z).
-3
Let l(n) = 5944*n**2 - n - 17815*n**2 - 1 + 5938*n**2 + 5931*n**2. Suppose -2*i = -0*i + 4*u - 10, i - 2 = -u. Give l(i).
-2
Let p(a) be the third derivative of 13*a**4/24 - 5*a**3/3 + 2*a**2 - 5184. Calculate p(0).
-10
Let l(z) = -6*z - 316. Let h = -14887 - -14834. Determine l(h).
2
Let o(p) = -p**3 - 7*p**2 - 7*p + 8. Let n = 25 + -177. Let l = n - -146. What is o(l)?
14
Let g(o) = -o + 13. Let r = -2154 - -2165. Calculate g(r).
2
Let a(y) = 2*y**2 - 4*y**2 + 0*y**2 + 1423*y - 4 + 0*y**2 - 1444*y. Calculate a(-11).
-15
Let g(z) = 2654922 - 2654912 - 31*z**2 + 2*z + 30*z**2. Let f(h) = 3*h - 4. Let k be f(3). What is g(k)?
-5
Let c = 9055 - 9048. Let u(y) = 2*y**2 + 4*y + 2. Let d(w) = -w**2 - 5*w - 2. Suppose -2*s + 6 = -0. Let b(f) = s*d(f) + 2*u(f). What is b(c)?
-2
Let i(c) = c - 8. Suppose -5*n - 3*a - 31 = -5*a, 0 = -